{"id":209,"date":"2019-01-07T07:27:27","date_gmt":"2019-01-07T07:27:27","guid":{"rendered":"http:\/\/video-blog.thimpress.com\/?page_id=209"},"modified":"2019-01-07T07:27:27","modified_gmt":"2019-01-07T07:27:27","slug":"about-us","status":"publish","type":"page","link":"https:\/\/demo.kanals.com.tr\/index.php\/about-us\/","title":{"rendered":"About us"},"content":{"rendered":"<section class=\"wpb-content-wrapper\"><p>[vc_row][vc_column]\n<div class=\"bp-element bp-element-heading vc_custom_1545882480804 align-center layout-1  \" >\n    \t<h3 class=\"title\"  style=\"max-width:770px; color:#1e1e1e; line-height:1.3; font-size:24px; font-weight:600; text-transform:none; margin:0 auto 25px auto; \">\n\tLet\u2019s make great things together!\t<\/h3>\n\n\t<span class=\"sub-title\"  style=\"max-width:770px; color:#6e6e6e; line-height:1.75; font-size:16px; font-weight:300; text-transform:none; margin:0 auto 0 auto; \">If you are a newbie to managing a WordPress website, then congratulations! You are here at the right track with us because we are going to introduce you one of the most knowledge when owning a WordPress page: how to find your site the best WordPress Hosting service.This process is often overlooked.<\/span>\n\n\n<\/div>[\/vc_column][\/vc_row][vc_row css=&#8221;.vc_custom_1547794291739{margin-bottom: 52px !important;}&#8221;][vc_column]\n<!--counter box element-->\n<div class=\"bp-element bp-element-counters text-select  layout-1  \"   >\n    <div class=\"counter-boxes\">\n\t\t        <div class=\"item\">\n            <div class=\"counter-box\">\n                \n                <div class=\"number\" >\n                    <span class=\"number_counter\" data-number=\"54879\"\n                          data-separator=\"\"\n                          data-unit=\"\"><\/span>\n                <\/div>\n\n                                    <h3 class=\"title\" >\n                        Visitor                    <\/h3>\n\n                    \n                            <\/div>\n        <\/div>\n        <div class=\"item\">\n            <div class=\"counter-box\">\n                \n                <div class=\"number\" >\n                    <span class=\"number_counter\" data-number=\"2548\"\n                          data-separator=\"\"\n                          data-unit=\"\"><\/span>\n                <\/div>\n\n                                    <h3 class=\"title\" >\n                        Download                     <\/h3>\n\n                    \n                            <\/div>\n        <\/div>\n        <div class=\"item\">\n            <div class=\"counter-box\">\n                \n                <div class=\"number\" >\n                    <span class=\"number_counter\" data-number=\"1548\"\n                          data-separator=\"\"\n                          data-unit=\"\"><\/span>\n                <\/div>\n\n                                    <h3 class=\"title\" >\n                        Trailer                    <\/h3>\n\n                    \n                            <\/div>\n        <\/div>\n        <div class=\"item\">\n            <div class=\"counter-box\">\n                \n                <div class=\"number\" >\n                    <span class=\"number_counter\" data-number=\"25\"\n                          data-separator=\"\"\n                          data-unit=\"\"><\/span>\n                <\/div>\n\n                                    <h3 class=\"title\" >\n                        Rating                    <\/h3>\n\n                    \n                            <\/div>\n        <\/div>\n    <\/div>\n<\/div>\n[\/vc_column][\/vc_row][vc_row css=&#8221;.vc_custom_1549959560419{padding-bottom: 102px !important;}&#8221; bp_css_mobile=&#8221;.vc_custom_1549959560421{padding-bottom: 80px !important;}&#8221;][vc_column]    <div class=\"bp-element bp-element-st-list-videos  vblog-layout-slider-4  \"   >\n        <div class=\"wrap-element\">\n    <div class=\"slide-videos js-call-slick-colss\" data-numofshow=\"1\" data-numofscroll=\"1\" data-loopslide=\"1\" data-autoscroll=\"0\" data-speedauto=\"6000\" data-responsive=\"[1, 1], [1, 1], [1, 1], [1, 1], [1, 1]\">\n        <div class=\"slide-slick\">\n                                                <div class=\"item-slick\">\n                        <div id=\"box-video-794\" class=\"mfp-with-anim mfp-hide frame-video-popup\"><\/div>\n                        <div class=\"item-video\">\n                            \n\t\t\t<img decoding=\"async\"  src=\"https:\/\/demo.kanals.com.tr\/wp-content\/uploads\/2023\/02\/betul2-831x470.jpg\"\n\t\t\t\t\t\t\t\t\t\t\t\t\t\t\t alt=\"Bet\u00fcl Uzun ile Ana Haber B\u00fclteni 3 \u015eubat Cuma Kanal S ekranlar\u0131nda\"\n\t\t\t\t\t\t\t\t\t\t\t\t\t\t\t class=\"\">\n\n\t\t\t                                                    <\/div>\n                    <\/div>\n                                                <div class=\"item-slick\">\n                        <div id=\"box-video-599\" class=\"mfp-with-anim mfp-hide frame-video-popup\"><\/div>\n                        <div class=\"item-video\">\n                            \n\t\t\t<img decoding=\"async\"  src=\"https:\/\/demo.kanals.com.tr\/wp-content\/uploads\/2023\/02\/hakan-831x470.jpg\"\n\t\t\t\t\t\t\t\t\t\t\t\t\t\t\t alt=\"Samsun Asayi\u015f G\u00fcndemi 4 \u015eubat Cumartesi\"\n\t\t\t\t\t\t\t\t\t\t\t\t\t\t\t class=\"\">\n\n\t\t\t                                                    <\/div>\n                    <\/div>\n                                                <div class=\"item-slick\">\n                        <div id=\"box-video-753\" class=\"mfp-with-anim mfp-hide frame-video-popup\"><\/div>\n                        <div class=\"item-video\">\n                            \n\t\t\t<img decoding=\"async\"  src=\"https:\/\/demo.kanals.com.tr\/wp-content\/uploads\/2023\/02\/mac-saayi-831x470.jpg\"\n\t\t\t\t\t\t\t\t\t\t\t\t\t\t\t alt=\"Manisa FK &#8211; Y\u0131lport Samsunspor ma\u00e7 heyecan\u0131 Ma\u00e7 Saati ile Kanal S ekranlar\u0131nda\"\n\t\t\t\t\t\t\t\t\t\t\t\t\t\t\t class=\"\">\n\n\t\t\t                                                    <\/div>\n                    <\/div>\n                    <\/div>\n\n        <div class=\"wrap-dot-slick\"><\/div>\n    <\/div>\n<\/div>    <\/div>\n    [\/vc_column][\/vc_row][vc_row full_width=&#8221;stretch_row&#8221; css=&#8221;.vc_custom_1546858721735{padding-top: 58px !important;padding-bottom: 90px !important;background-color: #fafafa !important;}&#8221;][vc_column]\n<div class=\"bp-element bp-element-heading vc_custom_1545890991898 align-center layout-1  \" >\n    \t<h3 class=\"title\"  style=\"max-width:770px; color:#1e1e1e; line-height:1.3; font-size:24px; font-weight:600; text-transform:none; margin:0 auto; \">\n\tOUR SERVICES\t<\/h3>\n\n\t<span class=\"sub-title\"  style=\"max-width:770px; color:#6e6e6e; line-height:1.75; font-size:16px; font-weight:300; text-transform:none; margin:0 auto; \">Let\u2019s make great things together!<\/span>\n\n\n<\/div>[vc_row_inner][vc_column_inner width=&#8221;1\/3&#8243; offset=&#8221;vc_col-lg-4 vc_col-md-4 vc_col-xs-12&#8243; bp_css_mobile=&#8221;.vc_custom_1546882978432{margin-bottom: 30px !important;}&#8221;]<div class=\"bp-element bp-element-icon-box  normal   layout-1  icon-default text-center style-1 layout-6-default \"    >\n\t\n<div class=\"icon-box\">\n    <div class=\"icon-image \"  style=\"margin:0 0 24px; \">\n        <img loading=\"lazy\" decoding=\"async\" width=\"75\" height=\"68\" src=\"https:\/\/demo.kanals.com.tr\/wp-content\/uploads\/2019\/01\/icon-box-01-1.png\" class=\"attachment-full size-full\" alt=\"\" \/>    <\/div>\n\n    <div class=\"content\" >\n\t\t        <h3 class=\"title\"  style=\"color:#1e1e1e; font-size:18px; font-weight:500; margin:0 0 8px; ine-height: 1.5; word-break: break-word;\">\n\t\t\n\t\t\tFilm Production\n\t\t\t    <\/h3>\n\n        <div class=\"description\"  style=\"color:#6e6e6e; font-weight:300; font-size:16px; line-height: 1.625; word-break: break-word;\">\n            Lorem ipsum dolor sit a met, consectetur dipi elit, sed do eiusmod tempor incididunt ut labore et dolore magna aliqua.        <\/div>\n    <\/div>\n\n    \n<\/div>\n<\/div>\n[\/vc_column_inner][vc_column_inner width=&#8221;1\/3&#8243; offset=&#8221;vc_col-lg-4 vc_col-md-4 vc_col-xs-12&#8243; bp_css_mobile=&#8221;.vc_custom_1546882990160{margin-bottom: 30px !important;}&#8221;]<div class=\"bp-element bp-element-icon-box  normal   layout-1  icon-default text-center style-1 layout-6-default \"    >\n\t\n<div class=\"icon-box\">\n    <div class=\"icon-image \"  style=\"margin:0 0 24px; \">\n        <img loading=\"lazy\" decoding=\"async\" width=\"85\" height=\"69\" src=\"https:\/\/demo.kanals.com.tr\/wp-content\/uploads\/2019\/01\/icon-box-02-1.png\" class=\"attachment-full size-full\" alt=\"\" \/>    <\/div>\n\n    <div class=\"content\" >\n\t\t        <h3 class=\"title\"  style=\"color:#1e1e1e; font-size:18px; font-weight:500; margin:0 0 8px; ine-height: 1.5; word-break: break-word;\">\n\t\t\n\t\t\tFilm Production\n\t\t\t    <\/h3>\n\n        <div class=\"description\"  style=\"color:#6e6e6e; font-weight:300; font-size:16px; line-height: 1.625; word-break: break-word;\">\n            Lorem ipsum dolor sit a met, consectetur dipi elit, sed do eiusmod tempor incididunt ut labore et dolore magna aliqua.        <\/div>\n    <\/div>\n\n    \n<\/div>\n<\/div>\n[\/vc_column_inner][vc_column_inner width=&#8221;1\/3&#8243; offset=&#8221;vc_col-lg-4 vc_col-md-4 vc_col-xs-12&#8243;]<div class=\"bp-element bp-element-icon-box  normal   layout-1  icon-default text-center style-1 layout-6-default \"    >\n\t\n<div class=\"icon-box\">\n    <div class=\"icon-image \"  style=\"margin:0 0 24px; \">\n        <img loading=\"lazy\" decoding=\"async\" width=\"78\" height=\"68\" src=\"https:\/\/demo.kanals.com.tr\/wp-content\/uploads\/2019\/01\/icon-box-03-1.png\" class=\"attachment-full size-full\" alt=\"\" \/>    <\/div>\n\n    <div class=\"content\" >\n\t\t        <h3 class=\"title\"  style=\"color:#1e1e1e; font-size:18px; font-weight:500; margin:0 0 8px; ine-height: 1.5; word-break: break-word;\">\n\t\t\n\t\t\tFilm Production\n\t\t\t    <\/h3>\n\n        <div class=\"description\"  style=\"color:#6e6e6e; font-weight:300; font-size:16px; line-height: 1.625; word-break: break-word;\">\n            Lorem ipsum dolor sit a met, consectetur dipi elit, sed do eiusmod tempor incididunt ut labore et dolore magna aliqua.        <\/div>\n    <\/div>\n\n    \n<\/div>\n<\/div>\n[\/vc_column_inner][\/vc_row_inner][\/vc_column][\/vc_row][vc_row full_width=&#8221;stretch_row&#8221; css=&#8221;.vc_custom_1546858786476{padding-top: 43px !important;padding-bottom: 80px !important;background-color: #f5f5f5 !important;}&#8221;][vc_column]\n<div class=\"bp-element bp-element-brands   layout-slider \" >\n\n\t\n<div class=\"js-call-slick-col\" data-pagination=\"\" data-numofslide=\"5\" data-numofscroll=\"1\"\n     data-loopslide=\"0\" data-autoscroll=\"0\" data-speedauto=\"6000\"\n     data-respon=\"[5, 1], [5, 1], [3, 1], [1, 1], [1, 1]\">\n\n    <div class=\"slide-slick\">\n\t\t            <div class=\"item-slick\">\n                <div class=\"item-brands\">\n\t\t\t\t\t<img loading=\"lazy\" decoding=\"async\" src=\"https:\/\/demo.kanals.com.tr\/wp-content\/uploads\/2019\/01\/brand-03-1.png\" width=\"188\" height=\"49\" alt=\"Logo\">                <\/div>\n            <\/div>\n\t\t            <div class=\"item-slick\">\n                <div class=\"item-brands\">\n\t\t\t\t\t<img loading=\"lazy\" decoding=\"async\" src=\"https:\/\/demo.kanals.com.tr\/wp-content\/uploads\/2019\/01\/brand-01-1.png\" width=\"188\" height=\"49\" alt=\"Logo\">                <\/div>\n            <\/div>\n\t\t            <div class=\"item-slick\">\n                <div class=\"item-brands\">\n\t\t\t\t\t<img loading=\"lazy\" decoding=\"async\" src=\"https:\/\/demo.kanals.com.tr\/wp-content\/uploads\/2019\/01\/brand-02-1.png\" width=\"188\" height=\"49\" alt=\"Logo\">                <\/div>\n            <\/div>\n\t\t            <div class=\"item-slick\">\n                <div class=\"item-brands\">\n\t\t\t\t\t<img loading=\"lazy\" decoding=\"async\" src=\"https:\/\/demo.kanals.com.tr\/wp-content\/uploads\/2019\/01\/brand-04-1.png\" width=\"188\" height=\"49\" alt=\"Logo\">                <\/div>\n            <\/div>\n\t\t            <div class=\"item-slick\">\n                <div class=\"item-brands\">\n\t\t\t\t\t<img loading=\"lazy\" decoding=\"async\" src=\"https:\/\/demo.kanals.com.tr\/wp-content\/uploads\/2019\/01\/brand-05-1.png\" width=\"188\" height=\"49\" alt=\"Logo\">                <\/div>\n            <\/div>\n\t\t            <div class=\"item-slick\">\n                <div class=\"item-brands\">\n\t\t\t\t\t<img loading=\"lazy\" decoding=\"async\" src=\"https:\/\/demo.kanals.com.tr\/wp-content\/uploads\/2019\/01\/brand-02-1.png\" width=\"188\" height=\"49\" alt=\"Logo\">                <\/div>\n            <\/div>\n\t\t            <div class=\"item-slick\">\n                <div class=\"item-brands\">\n\t\t\t\t\t<img loading=\"lazy\" decoding=\"async\" src=\"https:\/\/demo.kanals.com.tr\/wp-content\/uploads\/2019\/01\/brand-03-1.png\" width=\"188\" height=\"49\" alt=\"Logo\">                <\/div>\n            <\/div>\n\t\t            <div class=\"item-slick\">\n                <div class=\"item-brands\">\n\t\t\t\t\t<img loading=\"lazy\" decoding=\"async\" src=\"https:\/\/demo.kanals.com.tr\/wp-content\/uploads\/2019\/01\/brand-01-1.png\" width=\"188\" height=\"49\" alt=\"Logo\">                <\/div>\n            <\/div>\n\t\t    <\/div>\n\n    <\/div>\n\n<\/div>[\/vc_column][\/vc_row][vc_row css=&#8221;.vc_custom_1546859206844{margin-bottom: -40px !important;padding-top: 60px !important;}&#8221;][vc_column]\n<div class=\"bp-element bp-element-heading vc_custom_1545902341321 align-center layout-1  \" >\n    \t<h3 class=\"title\"  style=\"max-width:770px; color:#1e1e1e; line-height:1.3; font-size:24px; font-weight:600; text-transform:none; margin:0 auto 1px auto; \">\n\tCREATIVE TEAM\t<\/h3>\n\n\t<span class=\"sub-title\"  style=\"max-width:770px; color:#6e6e6e; line-height:1.75; font-size:16px; font-weight:300; text-transform:none; margin:0 auto 0; \">Let\u2019s make great things together!<\/span>\n\n\n<\/div>\n<div class=\"bp-element bp-element-our-team layout-5   \"      data-items-visible=\"3\"\n     data-items-tablet=\"2\"\n     data-items-mobile=\"1\">\n\n    <div class=\"wrap-element\">\n    <div class=\"row\">\n                                <div class=\"col-sm-6 col-md-3\">\n                <div class=\"author-item\">\n                    <div class=\"pic-author\">\n                        \n\t\t\t<img decoding=\"async\"  src=\"https:\/\/demo.kanals.com.tr\/wp-content\/uploads\/2019\/01\/team-01.jpg\"\n\t\t\t\t\t\t\t\t\t\t\t\t\t\t\t alt=\"team-01\"\n\t\t\t\t\t\t\t\t\t\t\t\t\t\t\t class=\"\">\n\n\t\t\t                                                    <a href=\"#\" class=\"overlay-author\"><\/a>\n                                            <\/div>\n\n                    <div class=\"text-author\">\n                        <h4 class=\"name-author\">\n                            <a href=\"#\">\n                                Cynthia W. Capra                            <\/a>\n                        <\/h4>\n\n                                                    <div class=\"info-author\">\n                                Reporter                            <\/div>\n                                            <\/div>\n                <\/div>\n            <\/div>\n                                <div class=\"col-sm-6 col-md-3\">\n                <div class=\"author-item\">\n                    <div class=\"pic-author\">\n                        \n\t\t\t<img decoding=\"async\"  src=\"https:\/\/demo.kanals.com.tr\/wp-content\/uploads\/2019\/01\/team-02.jpg\"\n\t\t\t\t\t\t\t\t\t\t\t\t\t\t\t alt=\"team-02\"\n\t\t\t\t\t\t\t\t\t\t\t\t\t\t\t class=\"\">\n\n\t\t\t                                                    <a href=\"#\" class=\"overlay-author\"><\/a>\n                                            <\/div>\n\n                    <div class=\"text-author\">\n                        <h4 class=\"name-author\">\n                            <a href=\"#\">\n                                Cynthia W. Capra                            <\/a>\n                        <\/h4>\n\n                                                    <div class=\"info-author\">\n                                Reporter                            <\/div>\n                                            <\/div>\n                <\/div>\n            <\/div>\n                                <div class=\"col-sm-6 col-md-3\">\n                <div class=\"author-item\">\n                    <div class=\"pic-author\">\n                        \n\t\t\t<img decoding=\"async\"  src=\"https:\/\/demo.kanals.com.tr\/wp-content\/uploads\/2019\/01\/team-03.jpg\"\n\t\t\t\t\t\t\t\t\t\t\t\t\t\t\t alt=\"team-03\"\n\t\t\t\t\t\t\t\t\t\t\t\t\t\t\t class=\"\">\n\n\t\t\t                                                    <a href=\"#\" class=\"overlay-author\"><\/a>\n                                            <\/div>\n\n                    <div class=\"text-author\">\n                        <h4 class=\"name-author\">\n                            <a href=\"#\">\n                                Cynthia W. Capra                            <\/a>\n                        <\/h4>\n\n                                                    <div class=\"info-author\">\n                                Reporter                            <\/div>\n                                            <\/div>\n                <\/div>\n            <\/div>\n                                <div class=\"col-sm-6 col-md-3\">\n                <div class=\"author-item\">\n                    <div class=\"pic-author\">\n                        \n\t\t\t<img decoding=\"async\"  src=\"https:\/\/demo.kanals.com.tr\/wp-content\/uploads\/2019\/01\/team-04.jpg\"\n\t\t\t\t\t\t\t\t\t\t\t\t\t\t\t alt=\"team-04\"\n\t\t\t\t\t\t\t\t\t\t\t\t\t\t\t class=\"\">\n\n\t\t\t                                                    <a href=\"#\" class=\"overlay-author\"><\/a>\n                                            <\/div>\n\n                    <div class=\"text-author\">\n                        <h4 class=\"name-author\">\n                            <a href=\"#\">\n                                Cynthia W. Capra                            <\/a>\n                        <\/h4>\n\n                                                    <div class=\"info-author\">\n                                Reporter                            <\/div>\n                                            <\/div>\n                <\/div>\n            <\/div>\n            <\/div>\n<\/div>\n\n<\/div>\n[\/vc_column][\/vc_row]<\/p>\n<\/section>","protected":false},"excerpt":{"rendered":"<p>[vc_row][vc_column][\/vc_column][\/vc_row][vc_row css=&#8221;.vc_custom_1547794291739{margin-bottom: 52px !important;}&#8221;][vc_column][\/vc_column][\/vc_row][vc_row css=&#8221;.vc_custom_1549959560419{padding-bottom: 102px !important;}&#8221; bp_css_mobile=&#8221;.vc_custom_1549959560421{padding-bottom: 80px !important;}&#8221;][vc_column][\/vc_column][\/vc_row][vc_row full_width=&#8221;stretch_row&#8221; css=&#8221;.vc_custom_1546858721735{padding-top: 58px !important;padding-bottom: 90px !important;background-color: #fafafa !important;}&#8221;][vc_column][vc_row_inner][vc_column_inner width=&#8221;1\/3&#8243; offset=&#8221;vc_col-lg-4 vc_col-md-4 vc_col-xs-12&#8243; bp_css_mobile=&#8221;.vc_custom_1546882978432{margin-bottom: 30px !important;}&#8221;][\/vc_column_inner][vc_column_inner width=&#8221;1\/3&#8243; offset=&#8221;vc_col-lg-4 vc_col-md-4 vc_col-xs-12&#8243; bp_css_mobile=&#8221;.vc_custom_1546882990160{margin-bottom: 30px !important;}&#8221;][\/vc_column_inner][vc_column_inner width=&#8221;1\/3&#8243; offset=&#8221;vc_col-lg-4 vc_col-md-4 vc_col-xs-12&#8243;][\/vc_column_inner][\/vc_row_inner][\/vc_column][\/vc_row][vc_row full_width=&#8221;stretch_row&#8221; css=&#8221;.vc_custom_1546858786476{padding-top: 43px !important;padding-bottom: 80px !important;background-color: #f5f5f5 !important;}&#8221;][vc_column][\/vc_column][\/vc_row][vc_row css=&#8221;.vc_custom_1546859206844{margin-bottom:&#8230;<\/p>\n","protected":false},"author":1,"featured_media":0,"parent":0,"menu_order":0,"comment_status":"closed","ping_status":"closed","template":"","meta":{"footnotes":""},"class_list":["post-209","page","type-page","status-publish","hentry"],"_links":{"self":[{"href":"https:\/\/demo.kanals.com.tr\/index.php\/wp-json\/wp\/v2\/pages\/209","targetHints":{"allow":["GET"]}}],"collection":[{"href":"https:\/\/demo.kanals.com.tr\/index.php\/wp-json\/wp\/v2\/pages"}],"about":[{"href":"https:\/\/demo.kanals.com.tr\/index.php\/wp-json\/wp\/v2\/types\/page"}],"author":[{"embeddable":true,"href":"https:\/\/demo.kanals.com.tr\/index.php\/wp-json\/wp\/v2\/users\/1"}],"replies":[{"embeddable":true,"href":"https:\/\/demo.kanals.com.tr\/index.php\/wp-json\/wp\/v2\/comments?post=209"}],"version-history":[{"count":0,"href":"https:\/\/demo.kanals.com.tr\/index.php\/wp-json\/wp\/v2\/pages\/209\/revisions"}],"wp:attachment":[{"href":"https:\/\/demo.kanals.com.tr\/index.php\/wp-json\/wp\/v2\/media?parent=209"}],"curies":[{"name":"wp","href":"https:\/\/api.w.org\/{rel}","templated":true}]}}